{"id":24953,"date":"2026-04-30T11:18:18","date_gmt":"2026-04-30T07:18:18","guid":{"rendered":"https:\/\/labonnepointure.re\/?post_type=product&#038;p=24953"},"modified":"2026-04-30T16:22:36","modified_gmt":"2026-04-30T12:22:36","slug":"tong-femme-compensee-confortable","status":"publish","type":"product","link":"https:\/\/labonnepointure.re\/index.php\/produit\/tong-femme-compensee-confortable\/","title":{"rendered":"BEIRA RIO -Tong femme compens\u00e9e"},"content":{"rendered":"<p class=\"p1\">Craquez pour cette tong femme compens\u00e9e, id\u00e9ale pour allier confort et style \u00e0 La R\u00e9union.<\/p>\n<p class=\"p1\">Avec sa semelle \u00e9paisse et ergonomique, ce mod\u00e8le offre un excellent amorti pour un confort optimal au quotidien. Sa bride moderne avec d\u00e9tail dor\u00e9 apporte une touche \u00e9l\u00e9gante et tendance, parfaite pour sublimer vos looks estivaux.<\/p>\n<p class=\"p1\">Facile \u00e0 enfiler et l\u00e9g\u00e8re \u00e0 porter, cette chaussure femme est id\u00e9ale pour les journ\u00e9es ensoleill\u00e9es, les sorties d\u00e9contract\u00e9es ou les vacances.<\/p>\n<p class=\"p1\">Un indispensable pour celles qui recherchent des chaussures femme \u00e0 La R\u00e9union confortables, pratiques et styl\u00e9es.<\/p>\n","protected":false},"excerpt":{"rendered":"<p class=\"p1\">Mod\u00e8le : Tong femme compens\u00e9e<\/p>\n<p class=\"p1\">Dessus \/ Tige : Mati\u00e8re synth\u00e9tique<\/p>\n<p class=\"p1\">Doublure : Mati\u00e8re synth\u00e9tique<\/p>\n<p class=\"p1\">Semelle int\u00e9rieure : Semelle textur\u00e9e confortable<\/p>\n<p class=\"p1\">Semelle ext\u00e9rieure : Mati\u00e8re synth\u00e9tique antid\u00e9rapante<\/p>\n<p class=\"p1\">Fermeture : \u00c0 enfiler<\/p>\n<p class=\"p1\">Type de semelle : Compens\u00e9e<\/p>\n","protected":false},"featured_media":25024,"comment_status":"open","ping_status":"closed","template":"","meta":[],"product_brand":[383],"product_cat":[162,164,157],"product_tag":[389,177,183,188],"class_list":{"0":"post-24953","1":"product","2":"type-product","3":"status-publish","4":"has-post-thumbnail","6":"product_brand-beira-rio","7":"product_cat-claquette","8":"product_cat-compenses","9":"product_cat-femme","10":"product_tag-beira-rio","11":"product_tag-claquette","12":"product_tag-compense","13":"product_tag-femme","15":"first","16":"instock","17":"taxable","18":"shipping-taxable","19":"purchasable","20":"product-type-variable","21":"add-to-wishlist-before_image"},"yoast_head":"<!-- This site is optimized with the Yoast SEO plugin v27.5 - https:\/\/yoast.com\/product\/yoast-seo-wordpress\/ -->\n<title>BEIRA RIO -Tong femme compens\u00e9e - La Bonne Pointure<\/title>\n<meta name=\"robots\" content=\"index, follow, max-snippet:-1, max-image-preview:large, max-video-preview:-1\" \/>\n<link rel=\"canonical\" href=\"https:\/\/labonnepointure.re\/index.php\/produit\/tong-femme-compensee-confortable\/\" \/>\n<meta property=\"og:locale\" content=\"fr_FR\" \/>\n<meta property=\"og:type\" content=\"article\" \/>\n<meta property=\"og:title\" content=\"BEIRA RIO -Tong femme compens\u00e9e - La Bonne Pointure\" \/>\n<meta property=\"og:description\" content=\"Mod\u00e8le : Tong femme compens\u00e9e Dessus \/ Tige : Mati\u00e8re synth\u00e9tique Doublure : Mati\u00e8re synth\u00e9tique Semelle int\u00e9rieure : Semelle textur\u00e9e confortable Semelle ext\u00e9rieure : Mati\u00e8re synth\u00e9tique antid\u00e9rapante Fermeture : \u00c0 enfiler Type de semelle : Compens\u00e9e\" \/>\n<meta property=\"og:url\" content=\"https:\/\/labonnepointure.re\/index.php\/produit\/tong-femme-compensee-confortable\/\" \/>\n<meta property=\"og:site_name\" content=\"La Bonne Pointure\" \/>\n<meta property=\"article:publisher\" content=\"https:\/\/www.facebook.com\/LaBonnePointure974\" \/>\n<meta property=\"article:modified_time\" content=\"2026-04-30T12:22:36+00:00\" \/>\n<meta property=\"og:image\" content=\"https:\/\/labonnepointure.re\/wp-content\/uploads\/2026\/04\/IMG_5049-scaled.webp\" \/>\n\t<meta property=\"og:image:width\" content=\"1920\" \/>\n\t<meta property=\"og:image:height\" content=\"2560\" \/>\n\t<meta property=\"og:image:type\" content=\"image\/webp\" \/>\n<meta name=\"twitter:card\" content=\"summary_large_image\" \/>\n<meta name=\"twitter:label1\" content=\"Dur\u00e9e de lecture estim\u00e9e\" \/>\n\t<meta name=\"twitter:data1\" content=\"1 minute\" \/>\n<script type=\"application\/ld+json\" class=\"yoast-schema-graph\">{\"@context\":\"https:\\\/\\\/schema.org\",\"@graph\":[{\"@type\":\"WebPage\",\"@id\":\"https:\\\/\\\/labonnepointure.re\\\/index.php\\\/produit\\\/tong-femme-compensee-confortable\\\/\",\"url\":\"https:\\\/\\\/labonnepointure.re\\\/index.php\\\/produit\\\/tong-femme-compensee-confortable\\\/\",\"name\":\"BEIRA RIO -Tong femme compens\u00e9e - La Bonne Pointure\",\"isPartOf\":{\"@id\":\"https:\\\/\\\/labonnepointure.re\\\/#website\"},\"primaryImageOfPage\":{\"@id\":\"https:\\\/\\\/labonnepointure.re\\\/index.php\\\/produit\\\/tong-femme-compensee-confortable\\\/#primaryimage\"},\"image\":{\"@id\":\"https:\\\/\\\/labonnepointure.re\\\/index.php\\\/produit\\\/tong-femme-compensee-confortable\\\/#primaryimage\"},\"thumbnailUrl\":\"https:\\\/\\\/labonnepointure.re\\\/wp-content\\\/uploads\\\/2026\\\/04\\\/IMG_5049-scaled.webp\",\"datePublished\":\"2026-04-30T07:18:18+00:00\",\"dateModified\":\"2026-04-30T12:22:36+00:00\",\"breadcrumb\":{\"@id\":\"https:\\\/\\\/labonnepointure.re\\\/index.php\\\/produit\\\/tong-femme-compensee-confortable\\\/#breadcrumb\"},\"inLanguage\":\"fr-FR\",\"potentialAction\":[{\"@type\":\"ReadAction\",\"target\":[\"https:\\\/\\\/labonnepointure.re\\\/index.php\\\/produit\\\/tong-femme-compensee-confortable\\\/\"]}]},{\"@type\":\"ImageObject\",\"inLanguage\":\"fr-FR\",\"@id\":\"https:\\\/\\\/labonnepointure.re\\\/index.php\\\/produit\\\/tong-femme-compensee-confortable\\\/#primaryimage\",\"url\":\"https:\\\/\\\/labonnepointure.re\\\/wp-content\\\/uploads\\\/2026\\\/04\\\/IMG_5049-scaled.webp\",\"contentUrl\":\"https:\\\/\\\/labonnepointure.re\\\/wp-content\\\/uploads\\\/2026\\\/04\\\/IMG_5049-scaled.webp\",\"width\":1920,\"height\":2560},{\"@type\":\"BreadcrumbList\",\"@id\":\"https:\\\/\\\/labonnepointure.re\\\/index.php\\\/produit\\\/tong-femme-compensee-confortable\\\/#breadcrumb\",\"itemListElement\":[{\"@type\":\"ListItem\",\"position\":1,\"name\":\"Accueil\",\"item\":\"https:\\\/\\\/labonnepointure.re\\\/\"},{\"@type\":\"ListItem\",\"position\":2,\"name\":\"FEMME &#8211; TALONS\",\"item\":\"https:\\\/\\\/labonnepointure.re\\\/index.php\\\/femme-talons\\\/\"},{\"@type\":\"ListItem\",\"position\":3,\"name\":\"BEIRA RIO -Tong femme compens\u00e9e\"}]},{\"@type\":\"WebSite\",\"@id\":\"https:\\\/\\\/labonnepointure.re\\\/#website\",\"url\":\"https:\\\/\\\/labonnepointure.re\\\/\",\"name\":\"La Bonne Pointure R\u00e9union\",\"description\":\"La Bonne Pointure votre marque 100% r\u00e9unionnaise\",\"publisher\":{\"@id\":\"https:\\\/\\\/labonnepointure.re\\\/#organization\"},\"potentialAction\":[{\"@type\":\"SearchAction\",\"target\":{\"@type\":\"EntryPoint\",\"urlTemplate\":\"https:\\\/\\\/labonnepointure.re\\\/?s={search_term_string}\"},\"query-input\":{\"@type\":\"PropertyValueSpecification\",\"valueRequired\":true,\"valueName\":\"search_term_string\"}}],\"inLanguage\":\"fr-FR\"},{\"@type\":\"Organization\",\"@id\":\"https:\\\/\\\/labonnepointure.re\\\/#organization\",\"name\":\"La Bonne Pointure R\u00e9union\",\"alternateName\":\"La Bonne Pointure\",\"url\":\"https:\\\/\\\/labonnepointure.re\\\/\",\"logo\":{\"@type\":\"ImageObject\",\"inLanguage\":\"fr-FR\",\"@id\":\"https:\\\/\\\/labonnepointure.re\\\/#\\\/schema\\\/logo\\\/image\\\/\",\"url\":\"https:\\\/\\\/labonnepointure.re\\\/wp-content\\\/uploads\\\/2024\\\/05\\\/cropped-Copie-de-post-instfb-13.png\",\"contentUrl\":\"https:\\\/\\\/labonnepointure.re\\\/wp-content\\\/uploads\\\/2024\\\/05\\\/cropped-Copie-de-post-instfb-13.png\",\"width\":512,\"height\":512,\"caption\":\"La Bonne Pointure R\u00e9union\"},\"image\":{\"@id\":\"https:\\\/\\\/labonnepointure.re\\\/#\\\/schema\\\/logo\\\/image\\\/\"},\"sameAs\":[\"https:\\\/\\\/www.facebook.com\\\/LaBonnePointure974\",\"https:\\\/\\\/www.instagram.com\\\/labonnepointure_run\\\/\"]}]}<\/script>\n<!-- \/ Yoast SEO plugin. -->","yoast_head_json":{"title":"BEIRA RIO -Tong femme compens\u00e9e - La Bonne Pointure","robots":{"index":"index","follow":"follow","max-snippet":"max-snippet:-1","max-image-preview":"max-image-preview:large","max-video-preview":"max-video-preview:-1"},"canonical":"https:\/\/labonnepointure.re\/index.php\/produit\/tong-femme-compensee-confortable\/","og_locale":"fr_FR","og_type":"article","og_title":"BEIRA RIO -Tong femme compens\u00e9e - La Bonne Pointure","og_description":"Mod\u00e8le : Tong femme compens\u00e9e Dessus \/ Tige : Mati\u00e8re synth\u00e9tique Doublure : Mati\u00e8re synth\u00e9tique Semelle int\u00e9rieure : Semelle textur\u00e9e confortable Semelle ext\u00e9rieure : Mati\u00e8re synth\u00e9tique antid\u00e9rapante Fermeture : \u00c0 enfiler Type de semelle : Compens\u00e9e","og_url":"https:\/\/labonnepointure.re\/index.php\/produit\/tong-femme-compensee-confortable\/","og_site_name":"La Bonne Pointure","article_publisher":"https:\/\/www.facebook.com\/LaBonnePointure974","article_modified_time":"2026-04-30T12:22:36+00:00","og_image":[{"width":1920,"height":2560,"url":"https:\/\/labonnepointure.re\/wp-content\/uploads\/2026\/04\/IMG_5049-scaled.webp","type":"image\/webp"}],"twitter_card":"summary_large_image","twitter_misc":{"Dur\u00e9e de lecture estim\u00e9e":"1 minute"},"schema":{"@context":"https:\/\/schema.org","@graph":[{"@type":"WebPage","@id":"https:\/\/labonnepointure.re\/index.php\/produit\/tong-femme-compensee-confortable\/","url":"https:\/\/labonnepointure.re\/index.php\/produit\/tong-femme-compensee-confortable\/","name":"BEIRA RIO -Tong femme compens\u00e9e - La Bonne Pointure","isPartOf":{"@id":"https:\/\/labonnepointure.re\/#website"},"primaryImageOfPage":{"@id":"https:\/\/labonnepointure.re\/index.php\/produit\/tong-femme-compensee-confortable\/#primaryimage"},"image":{"@id":"https:\/\/labonnepointure.re\/index.php\/produit\/tong-femme-compensee-confortable\/#primaryimage"},"thumbnailUrl":"https:\/\/labonnepointure.re\/wp-content\/uploads\/2026\/04\/IMG_5049-scaled.webp","datePublished":"2026-04-30T07:18:18+00:00","dateModified":"2026-04-30T12:22:36+00:00","breadcrumb":{"@id":"https:\/\/labonnepointure.re\/index.php\/produit\/tong-femme-compensee-confortable\/#breadcrumb"},"inLanguage":"fr-FR","potentialAction":[{"@type":"ReadAction","target":["https:\/\/labonnepointure.re\/index.php\/produit\/tong-femme-compensee-confortable\/"]}]},{"@type":"ImageObject","inLanguage":"fr-FR","@id":"https:\/\/labonnepointure.re\/index.php\/produit\/tong-femme-compensee-confortable\/#primaryimage","url":"https:\/\/labonnepointure.re\/wp-content\/uploads\/2026\/04\/IMG_5049-scaled.webp","contentUrl":"https:\/\/labonnepointure.re\/wp-content\/uploads\/2026\/04\/IMG_5049-scaled.webp","width":1920,"height":2560},{"@type":"BreadcrumbList","@id":"https:\/\/labonnepointure.re\/index.php\/produit\/tong-femme-compensee-confortable\/#breadcrumb","itemListElement":[{"@type":"ListItem","position":1,"name":"Accueil","item":"https:\/\/labonnepointure.re\/"},{"@type":"ListItem","position":2,"name":"FEMME &#8211; TALONS","item":"https:\/\/labonnepointure.re\/index.php\/femme-talons\/"},{"@type":"ListItem","position":3,"name":"BEIRA RIO -Tong femme compens\u00e9e"}]},{"@type":"WebSite","@id":"https:\/\/labonnepointure.re\/#website","url":"https:\/\/labonnepointure.re\/","name":"La Bonne Pointure R\u00e9union","description":"La Bonne Pointure votre marque 100% r\u00e9unionnaise","publisher":{"@id":"https:\/\/labonnepointure.re\/#organization"},"potentialAction":[{"@type":"SearchAction","target":{"@type":"EntryPoint","urlTemplate":"https:\/\/labonnepointure.re\/?s={search_term_string}"},"query-input":{"@type":"PropertyValueSpecification","valueRequired":true,"valueName":"search_term_string"}}],"inLanguage":"fr-FR"},{"@type":"Organization","@id":"https:\/\/labonnepointure.re\/#organization","name":"La Bonne Pointure R\u00e9union","alternateName":"La Bonne Pointure","url":"https:\/\/labonnepointure.re\/","logo":{"@type":"ImageObject","inLanguage":"fr-FR","@id":"https:\/\/labonnepointure.re\/#\/schema\/logo\/image\/","url":"https:\/\/labonnepointure.re\/wp-content\/uploads\/2024\/05\/cropped-Copie-de-post-instfb-13.png","contentUrl":"https:\/\/labonnepointure.re\/wp-content\/uploads\/2024\/05\/cropped-Copie-de-post-instfb-13.png","width":512,"height":512,"caption":"La Bonne Pointure R\u00e9union"},"image":{"@id":"https:\/\/labonnepointure.re\/#\/schema\/logo\/image\/"},"sameAs":["https:\/\/www.facebook.com\/LaBonnePointure974","https:\/\/www.instagram.com\/labonnepointure_run\/"]}]}},"_links":{"self":[{"href":"https:\/\/labonnepointure.re\/index.php\/wp-json\/wp\/v2\/product\/24953","targetHints":{"allow":["GET"]}}],"collection":[{"href":"https:\/\/labonnepointure.re\/index.php\/wp-json\/wp\/v2\/product"}],"about":[{"href":"https:\/\/labonnepointure.re\/index.php\/wp-json\/wp\/v2\/types\/product"}],"replies":[{"embeddable":true,"href":"https:\/\/labonnepointure.re\/index.php\/wp-json\/wp\/v2\/comments?post=24953"}],"version-history":[{"count":2,"href":"https:\/\/labonnepointure.re\/index.php\/wp-json\/wp\/v2\/product\/24953\/revisions"}],"predecessor-version":[{"id":25168,"href":"https:\/\/labonnepointure.re\/index.php\/wp-json\/wp\/v2\/product\/24953\/revisions\/25168"}],"wp:featuredmedia":[{"embeddable":true,"href":"https:\/\/labonnepointure.re\/index.php\/wp-json\/wp\/v2\/media\/25024"}],"wp:attachment":[{"href":"https:\/\/labonnepointure.re\/index.php\/wp-json\/wp\/v2\/media?parent=24953"}],"wp:term":[{"taxonomy":"product_brand","embeddable":true,"href":"https:\/\/labonnepointure.re\/index.php\/wp-json\/wp\/v2\/product_brand?post=24953"},{"taxonomy":"product_cat","embeddable":true,"href":"https:\/\/labonnepointure.re\/index.php\/wp-json\/wp\/v2\/product_cat?post=24953"},{"taxonomy":"product_tag","embeddable":true,"href":"https:\/\/labonnepointure.re\/index.php\/wp-json\/wp\/v2\/product_tag?post=24953"}],"curies":[{"name":"wp","href":"https:\/\/api.w.org\/{rel}","templated":true}]}}