{"id":24864,"date":"2026-04-30T11:20:39","date_gmt":"2026-04-30T07:20:39","guid":{"rendered":"https:\/\/labonnepointure.re\/?post_type=product&#038;p=24864"},"modified":"2026-04-30T16:17:37","modified_gmt":"2026-04-30T12:17:37","slug":"sandale-femme-a-talon-aiguille-et-brides-fines","status":"publish","type":"product","link":"https:\/\/labonnepointure.re\/index.php\/produit\/sandale-femme-a-talon-aiguille-et-brides-fines\/","title":{"rendered":"VIZZANO &#8211; Sandale femme \u00e0 talon aiguille"},"content":{"rendered":"<p class=\"p1\">Faites sensation avec cette sandale femme \u00e0 talon aiguille, parfaite pour sublimer vos tenues lors de vos soir\u00e9es \u00e0 La R\u00e9union.<\/p>\n<p class=\"p1\">Son design avec brides fines met \u00e9l\u00e9gamment le pied en valeur tout en assurant un bon maintien gr\u00e2ce \u00e0 sa bride ajustable \u00e0 la cheville. La silhouette est \u00e9lanc\u00e9e et f\u00e9minine, id\u00e9ale pour un look chic et affirm\u00e9.<\/p>\n<p class=\"p1\">Le talon aiguille apporte de la hauteur et souligne la d\u00e9marche avec \u00e9l\u00e9gance, pour une allure glamour en toutes circonstances.<\/p>\n<p class=\"p1\">Un mod\u00e8le incontournable pour celles qui recherchent des chaussures femme \u00e0 La R\u00e9union pour briller lors d\u2019\u00e9v\u00e9nements, soir\u00e9es ou occasions sp\u00e9ciales.<\/p>\n","protected":false},"excerpt":{"rendered":"<p class=\"p1\">Mod\u00e8le : Sandale femme \u00e0 talon aiguille \u00e0 brides fines<\/p>\n<p class=\"p1\">Dessus \/ Tige : Mati\u00e8re synth\u00e9tique<\/p>\n<p class=\"p1\">Doublure : Mati\u00e8re synth\u00e9tique<\/p>\n<p class=\"p1\">Semelle int\u00e9rieure : Semelle confortable<\/p>\n<p class=\"p1\">Semelle ext\u00e9rieure : Mati\u00e8re synth\u00e9tique antid\u00e9rapante<\/p>\n<p class=\"p1\">Fermeture : Boucle ajustable \u00e0 la cheville<\/p>\n<p class=\"p1\">Type de semelle : Talon aiguille<\/p>\n","protected":false},"featured_media":24999,"comment_status":"open","ping_status":"closed","template":"","meta":[],"product_brand":[386],"product_cat":[157,163],"product_tag":[188,176,392],"class_list":{"0":"post-24864","1":"product","2":"type-product","3":"status-publish","4":"has-post-thumbnail","6":"product_brand-vizzano","7":"product_cat-femme","8":"product_cat-talons","9":"product_tag-femme","10":"product_tag-talons","11":"product_tag-vizzano","13":"first","14":"instock","15":"taxable","16":"shipping-taxable","17":"purchasable","18":"product-type-variable","19":"add-to-wishlist-before_image"},"yoast_head":"<!-- This site is optimized with the Yoast SEO plugin v27.5 - https:\/\/yoast.com\/product\/yoast-seo-wordpress\/ -->\n<title>VIZZANO - Sandale femme \u00e0 talon aiguille - La Bonne Pointure<\/title>\n<meta name=\"robots\" content=\"index, follow, max-snippet:-1, max-image-preview:large, max-video-preview:-1\" \/>\n<link rel=\"canonical\" href=\"https:\/\/labonnepointure.re\/index.php\/produit\/sandale-femme-a-talon-aiguille-et-brides-fines\/\" \/>\n<meta property=\"og:locale\" content=\"fr_FR\" \/>\n<meta property=\"og:type\" content=\"article\" \/>\n<meta property=\"og:title\" content=\"VIZZANO - Sandale femme \u00e0 talon aiguille - La Bonne Pointure\" \/>\n<meta property=\"og:description\" content=\"Mod\u00e8le : Sandale femme \u00e0 talon aiguille \u00e0 brides fines Dessus \/ Tige : Mati\u00e8re synth\u00e9tique Doublure : Mati\u00e8re synth\u00e9tique Semelle int\u00e9rieure : Semelle confortable Semelle ext\u00e9rieure : Mati\u00e8re synth\u00e9tique antid\u00e9rapante Fermeture : Boucle ajustable \u00e0 la cheville Type de semelle : Talon aiguille\" \/>\n<meta property=\"og:url\" content=\"https:\/\/labonnepointure.re\/index.php\/produit\/sandale-femme-a-talon-aiguille-et-brides-fines\/\" \/>\n<meta property=\"og:site_name\" content=\"La Bonne Pointure\" \/>\n<meta property=\"article:publisher\" content=\"https:\/\/www.facebook.com\/LaBonnePointure974\" \/>\n<meta property=\"article:modified_time\" content=\"2026-04-30T12:17:37+00:00\" \/>\n<meta property=\"og:image\" content=\"https:\/\/labonnepointure.re\/wp-content\/uploads\/2026\/04\/ChatGPT-Image-29-avr.-2026-11_45_58.webp\" \/>\n\t<meta property=\"og:image:width\" content=\"1086\" \/>\n\t<meta property=\"og:image:height\" content=\"1448\" \/>\n\t<meta property=\"og:image:type\" content=\"image\/webp\" \/>\n<meta name=\"twitter:card\" content=\"summary_large_image\" \/>\n<meta name=\"twitter:label1\" content=\"Dur\u00e9e de lecture estim\u00e9e\" \/>\n\t<meta name=\"twitter:data1\" content=\"1 minute\" \/>\n<script type=\"application\/ld+json\" class=\"yoast-schema-graph\">{\"@context\":\"https:\\\/\\\/schema.org\",\"@graph\":[{\"@type\":\"WebPage\",\"@id\":\"https:\\\/\\\/labonnepointure.re\\\/index.php\\\/produit\\\/sandale-femme-a-talon-aiguille-et-brides-fines\\\/\",\"url\":\"https:\\\/\\\/labonnepointure.re\\\/index.php\\\/produit\\\/sandale-femme-a-talon-aiguille-et-brides-fines\\\/\",\"name\":\"VIZZANO - Sandale femme \u00e0 talon aiguille - La Bonne Pointure\",\"isPartOf\":{\"@id\":\"https:\\\/\\\/labonnepointure.re\\\/#website\"},\"primaryImageOfPage\":{\"@id\":\"https:\\\/\\\/labonnepointure.re\\\/index.php\\\/produit\\\/sandale-femme-a-talon-aiguille-et-brides-fines\\\/#primaryimage\"},\"image\":{\"@id\":\"https:\\\/\\\/labonnepointure.re\\\/index.php\\\/produit\\\/sandale-femme-a-talon-aiguille-et-brides-fines\\\/#primaryimage\"},\"thumbnailUrl\":\"https:\\\/\\\/labonnepointure.re\\\/wp-content\\\/uploads\\\/2026\\\/04\\\/ChatGPT-Image-29-avr.-2026-11_45_58.webp\",\"datePublished\":\"2026-04-30T07:20:39+00:00\",\"dateModified\":\"2026-04-30T12:17:37+00:00\",\"breadcrumb\":{\"@id\":\"https:\\\/\\\/labonnepointure.re\\\/index.php\\\/produit\\\/sandale-femme-a-talon-aiguille-et-brides-fines\\\/#breadcrumb\"},\"inLanguage\":\"fr-FR\",\"potentialAction\":[{\"@type\":\"ReadAction\",\"target\":[\"https:\\\/\\\/labonnepointure.re\\\/index.php\\\/produit\\\/sandale-femme-a-talon-aiguille-et-brides-fines\\\/\"]}]},{\"@type\":\"ImageObject\",\"inLanguage\":\"fr-FR\",\"@id\":\"https:\\\/\\\/labonnepointure.re\\\/index.php\\\/produit\\\/sandale-femme-a-talon-aiguille-et-brides-fines\\\/#primaryimage\",\"url\":\"https:\\\/\\\/labonnepointure.re\\\/wp-content\\\/uploads\\\/2026\\\/04\\\/ChatGPT-Image-29-avr.-2026-11_45_58.webp\",\"contentUrl\":\"https:\\\/\\\/labonnepointure.re\\\/wp-content\\\/uploads\\\/2026\\\/04\\\/ChatGPT-Image-29-avr.-2026-11_45_58.webp\",\"width\":1086,\"height\":1448},{\"@type\":\"BreadcrumbList\",\"@id\":\"https:\\\/\\\/labonnepointure.re\\\/index.php\\\/produit\\\/sandale-femme-a-talon-aiguille-et-brides-fines\\\/#breadcrumb\",\"itemListElement\":[{\"@type\":\"ListItem\",\"position\":1,\"name\":\"Accueil\",\"item\":\"https:\\\/\\\/labonnepointure.re\\\/\"},{\"@type\":\"ListItem\",\"position\":2,\"name\":\"FEMME &#8211; TALONS\",\"item\":\"https:\\\/\\\/labonnepointure.re\\\/index.php\\\/femme-talons\\\/\"},{\"@type\":\"ListItem\",\"position\":3,\"name\":\"VIZZANO &#8211; Sandale femme \u00e0 talon aiguille\"}]},{\"@type\":\"WebSite\",\"@id\":\"https:\\\/\\\/labonnepointure.re\\\/#website\",\"url\":\"https:\\\/\\\/labonnepointure.re\\\/\",\"name\":\"La Bonne Pointure R\u00e9union\",\"description\":\"La Bonne Pointure votre marque 100% r\u00e9unionnaise\",\"publisher\":{\"@id\":\"https:\\\/\\\/labonnepointure.re\\\/#organization\"},\"potentialAction\":[{\"@type\":\"SearchAction\",\"target\":{\"@type\":\"EntryPoint\",\"urlTemplate\":\"https:\\\/\\\/labonnepointure.re\\\/?s={search_term_string}\"},\"query-input\":{\"@type\":\"PropertyValueSpecification\",\"valueRequired\":true,\"valueName\":\"search_term_string\"}}],\"inLanguage\":\"fr-FR\"},{\"@type\":\"Organization\",\"@id\":\"https:\\\/\\\/labonnepointure.re\\\/#organization\",\"name\":\"La Bonne Pointure R\u00e9union\",\"alternateName\":\"La Bonne Pointure\",\"url\":\"https:\\\/\\\/labonnepointure.re\\\/\",\"logo\":{\"@type\":\"ImageObject\",\"inLanguage\":\"fr-FR\",\"@id\":\"https:\\\/\\\/labonnepointure.re\\\/#\\\/schema\\\/logo\\\/image\\\/\",\"url\":\"https:\\\/\\\/labonnepointure.re\\\/wp-content\\\/uploads\\\/2024\\\/05\\\/cropped-Copie-de-post-instfb-13.png\",\"contentUrl\":\"https:\\\/\\\/labonnepointure.re\\\/wp-content\\\/uploads\\\/2024\\\/05\\\/cropped-Copie-de-post-instfb-13.png\",\"width\":512,\"height\":512,\"caption\":\"La Bonne Pointure R\u00e9union\"},\"image\":{\"@id\":\"https:\\\/\\\/labonnepointure.re\\\/#\\\/schema\\\/logo\\\/image\\\/\"},\"sameAs\":[\"https:\\\/\\\/www.facebook.com\\\/LaBonnePointure974\",\"https:\\\/\\\/www.instagram.com\\\/labonnepointure_run\\\/\"]}]}<\/script>\n<!-- \/ Yoast SEO plugin. -->","yoast_head_json":{"title":"VIZZANO - Sandale femme \u00e0 talon aiguille - La Bonne Pointure","robots":{"index":"index","follow":"follow","max-snippet":"max-snippet:-1","max-image-preview":"max-image-preview:large","max-video-preview":"max-video-preview:-1"},"canonical":"https:\/\/labonnepointure.re\/index.php\/produit\/sandale-femme-a-talon-aiguille-et-brides-fines\/","og_locale":"fr_FR","og_type":"article","og_title":"VIZZANO - Sandale femme \u00e0 talon aiguille - La Bonne Pointure","og_description":"Mod\u00e8le : Sandale femme \u00e0 talon aiguille \u00e0 brides fines Dessus \/ Tige : Mati\u00e8re synth\u00e9tique Doublure : Mati\u00e8re synth\u00e9tique Semelle int\u00e9rieure : Semelle confortable Semelle ext\u00e9rieure : Mati\u00e8re synth\u00e9tique antid\u00e9rapante Fermeture : Boucle ajustable \u00e0 la cheville Type de semelle : Talon aiguille","og_url":"https:\/\/labonnepointure.re\/index.php\/produit\/sandale-femme-a-talon-aiguille-et-brides-fines\/","og_site_name":"La Bonne Pointure","article_publisher":"https:\/\/www.facebook.com\/LaBonnePointure974","article_modified_time":"2026-04-30T12:17:37+00:00","og_image":[{"width":1086,"height":1448,"url":"https:\/\/labonnepointure.re\/wp-content\/uploads\/2026\/04\/ChatGPT-Image-29-avr.-2026-11_45_58.webp","type":"image\/webp"}],"twitter_card":"summary_large_image","twitter_misc":{"Dur\u00e9e de lecture estim\u00e9e":"1 minute"},"schema":{"@context":"https:\/\/schema.org","@graph":[{"@type":"WebPage","@id":"https:\/\/labonnepointure.re\/index.php\/produit\/sandale-femme-a-talon-aiguille-et-brides-fines\/","url":"https:\/\/labonnepointure.re\/index.php\/produit\/sandale-femme-a-talon-aiguille-et-brides-fines\/","name":"VIZZANO - Sandale femme \u00e0 talon aiguille - La Bonne Pointure","isPartOf":{"@id":"https:\/\/labonnepointure.re\/#website"},"primaryImageOfPage":{"@id":"https:\/\/labonnepointure.re\/index.php\/produit\/sandale-femme-a-talon-aiguille-et-brides-fines\/#primaryimage"},"image":{"@id":"https:\/\/labonnepointure.re\/index.php\/produit\/sandale-femme-a-talon-aiguille-et-brides-fines\/#primaryimage"},"thumbnailUrl":"https:\/\/labonnepointure.re\/wp-content\/uploads\/2026\/04\/ChatGPT-Image-29-avr.-2026-11_45_58.webp","datePublished":"2026-04-30T07:20:39+00:00","dateModified":"2026-04-30T12:17:37+00:00","breadcrumb":{"@id":"https:\/\/labonnepointure.re\/index.php\/produit\/sandale-femme-a-talon-aiguille-et-brides-fines\/#breadcrumb"},"inLanguage":"fr-FR","potentialAction":[{"@type":"ReadAction","target":["https:\/\/labonnepointure.re\/index.php\/produit\/sandale-femme-a-talon-aiguille-et-brides-fines\/"]}]},{"@type":"ImageObject","inLanguage":"fr-FR","@id":"https:\/\/labonnepointure.re\/index.php\/produit\/sandale-femme-a-talon-aiguille-et-brides-fines\/#primaryimage","url":"https:\/\/labonnepointure.re\/wp-content\/uploads\/2026\/04\/ChatGPT-Image-29-avr.-2026-11_45_58.webp","contentUrl":"https:\/\/labonnepointure.re\/wp-content\/uploads\/2026\/04\/ChatGPT-Image-29-avr.-2026-11_45_58.webp","width":1086,"height":1448},{"@type":"BreadcrumbList","@id":"https:\/\/labonnepointure.re\/index.php\/produit\/sandale-femme-a-talon-aiguille-et-brides-fines\/#breadcrumb","itemListElement":[{"@type":"ListItem","position":1,"name":"Accueil","item":"https:\/\/labonnepointure.re\/"},{"@type":"ListItem","position":2,"name":"FEMME &#8211; TALONS","item":"https:\/\/labonnepointure.re\/index.php\/femme-talons\/"},{"@type":"ListItem","position":3,"name":"VIZZANO &#8211; Sandale femme \u00e0 talon aiguille"}]},{"@type":"WebSite","@id":"https:\/\/labonnepointure.re\/#website","url":"https:\/\/labonnepointure.re\/","name":"La Bonne Pointure R\u00e9union","description":"La Bonne Pointure votre marque 100% r\u00e9unionnaise","publisher":{"@id":"https:\/\/labonnepointure.re\/#organization"},"potentialAction":[{"@type":"SearchAction","target":{"@type":"EntryPoint","urlTemplate":"https:\/\/labonnepointure.re\/?s={search_term_string}"},"query-input":{"@type":"PropertyValueSpecification","valueRequired":true,"valueName":"search_term_string"}}],"inLanguage":"fr-FR"},{"@type":"Organization","@id":"https:\/\/labonnepointure.re\/#organization","name":"La Bonne Pointure R\u00e9union","alternateName":"La Bonne Pointure","url":"https:\/\/labonnepointure.re\/","logo":{"@type":"ImageObject","inLanguage":"fr-FR","@id":"https:\/\/labonnepointure.re\/#\/schema\/logo\/image\/","url":"https:\/\/labonnepointure.re\/wp-content\/uploads\/2024\/05\/cropped-Copie-de-post-instfb-13.png","contentUrl":"https:\/\/labonnepointure.re\/wp-content\/uploads\/2024\/05\/cropped-Copie-de-post-instfb-13.png","width":512,"height":512,"caption":"La Bonne Pointure R\u00e9union"},"image":{"@id":"https:\/\/labonnepointure.re\/#\/schema\/logo\/image\/"},"sameAs":["https:\/\/www.facebook.com\/LaBonnePointure974","https:\/\/www.instagram.com\/labonnepointure_run\/"]}]}},"_links":{"self":[{"href":"https:\/\/labonnepointure.re\/index.php\/wp-json\/wp\/v2\/product\/24864","targetHints":{"allow":["GET"]}}],"collection":[{"href":"https:\/\/labonnepointure.re\/index.php\/wp-json\/wp\/v2\/product"}],"about":[{"href":"https:\/\/labonnepointure.re\/index.php\/wp-json\/wp\/v2\/types\/product"}],"replies":[{"embeddable":true,"href":"https:\/\/labonnepointure.re\/index.php\/wp-json\/wp\/v2\/comments?post=24864"}],"version-history":[{"count":2,"href":"https:\/\/labonnepointure.re\/index.php\/wp-json\/wp\/v2\/product\/24864\/revisions"}],"predecessor-version":[{"id":25160,"href":"https:\/\/labonnepointure.re\/index.php\/wp-json\/wp\/v2\/product\/24864\/revisions\/25160"}],"wp:featuredmedia":[{"embeddable":true,"href":"https:\/\/labonnepointure.re\/index.php\/wp-json\/wp\/v2\/media\/24999"}],"wp:attachment":[{"href":"https:\/\/labonnepointure.re\/index.php\/wp-json\/wp\/v2\/media?parent=24864"}],"wp:term":[{"taxonomy":"product_brand","embeddable":true,"href":"https:\/\/labonnepointure.re\/index.php\/wp-json\/wp\/v2\/product_brand?post=24864"},{"taxonomy":"product_cat","embeddable":true,"href":"https:\/\/labonnepointure.re\/index.php\/wp-json\/wp\/v2\/product_cat?post=24864"},{"taxonomy":"product_tag","embeddable":true,"href":"https:\/\/labonnepointure.re\/index.php\/wp-json\/wp\/v2\/product_tag?post=24864"}],"curies":[{"name":"wp","href":"https:\/\/api.w.org\/{rel}","templated":true}]}}