{"id":23289,"date":"2026-02-19T13:51:50","date_gmt":"2026-02-19T09:51:50","guid":{"rendered":"https:\/\/labonnepointure.re\/?post_type=product&#038;p=23289"},"modified":"2026-03-26T10:46:24","modified_gmt":"2026-03-26T06:46:24","slug":"mule-femme-a-talon","status":"publish","type":"product","link":"https:\/\/labonnepointure.re\/index.php\/produit\/mule-femme-a-talon\/","title":{"rendered":"Mule femme \u00e0 talon"},"content":{"rendered":"<p class=\"p1\">Adoptez une allure \u00e9l\u00e9gante avec cette mule femme \u00e0 talon, parfaite pour sublimer vos tenues tout en restant confortable. Son design \u00e9pur\u00e9 avec bride large apporte une touche moderne et facile \u00e0 assortir.<\/p>\n<p class=\"p1\">Son talon stable offre une hauteur id\u00e9ale pour allonger la silhouette sans compromettre le confort. Cette chaussure femme est adapt\u00e9e au climat de La R\u00e9union et convient aussi bien aux sorties qu\u2019aux \u00e9v\u00e9nements.<\/p>\n<p class=\"p1\">Un mod\u00e8le tendance, f\u00e9minin et abordable pour celles qui recherchent des chaussures femme \u00e0 La R\u00e9union \u00e9l\u00e9gantes \u00e0 petit prix.<\/p>\n","protected":false},"excerpt":{"rendered":"<p class=\"p1\"><b>Mod\u00e8le : Mule \u00e0 talon avec bride large<\/b><\/p>\n<p class=\"p1\"><b>Dessus \/ Tige : Mati\u00e8re synth\u00e9tique textur\u00e9e<\/b><\/p>\n<p class=\"p1\"><b>Doublure : Mati\u00e8re synth\u00e9tique<\/b><\/p>\n<p class=\"p1\"><b>Semelle int\u00e9rieure : Mati\u00e8re synth\u00e9tique lisse<\/b><\/p>\n<p class=\"p1\"><b>Semelle ext\u00e9rieure : Mati\u00e8re synth\u00e9tique r\u00e9sistante et antid\u00e9rapante<\/b><\/p>\n<p class=\"p1\"><b>Type de talon : Talon large stable<\/b><\/p>\n<p class=\"p1\"><b>Hauteur : Moyenne<\/b><\/p>\n","protected":false},"featured_media":23843,"comment_status":"open","ping_status":"closed","template":"","meta":[],"product_brand":[],"product_cat":[157,160,163],"product_tag":[188,178,176],"class_list":{"0":"post-23289","1":"product","2":"type-product","3":"status-publish","4":"has-post-thumbnail","6":"product_cat-femme","7":"product_cat-sandale","8":"product_cat-talons","9":"product_tag-femme","10":"product_tag-sandale","11":"product_tag-talons","13":"first","14":"instock","15":"taxable","16":"shipping-taxable","17":"purchasable","18":"product-type-variable","19":"add-to-wishlist-before_image"},"yoast_head":"<!-- This site is optimized with the Yoast SEO plugin v27.3 - https:\/\/yoast.com\/product\/yoast-seo-wordpress\/ -->\n<title>Mule femme \u00e0 talon - La Bonne Pointure<\/title>\n<meta name=\"robots\" content=\"index, follow, max-snippet:-1, max-image-preview:large, max-video-preview:-1\" \/>\n<link rel=\"canonical\" href=\"https:\/\/labonnepointure.re\/index.php\/produit\/mule-femme-a-talon\/\" \/>\n<meta property=\"og:locale\" content=\"fr_FR\" \/>\n<meta property=\"og:type\" content=\"article\" \/>\n<meta property=\"og:title\" content=\"Mule femme \u00e0 talon - La Bonne Pointure\" \/>\n<meta property=\"og:description\" content=\"Mod\u00e8le : Mule \u00e0 talon avec bride large Dessus \/ Tige : Mati\u00e8re synth\u00e9tique textur\u00e9e Doublure : Mati\u00e8re synth\u00e9tique Semelle int\u00e9rieure : Mati\u00e8re synth\u00e9tique lisse Semelle ext\u00e9rieure : Mati\u00e8re synth\u00e9tique r\u00e9sistante et antid\u00e9rapante Type de talon : Talon large stable Hauteur : Moyenne\" \/>\n<meta property=\"og:url\" content=\"https:\/\/labonnepointure.re\/index.php\/produit\/mule-femme-a-talon\/\" \/>\n<meta property=\"og:site_name\" content=\"La Bonne Pointure\" \/>\n<meta property=\"article:publisher\" content=\"https:\/\/www.facebook.com\/LaBonnePointure974\" \/>\n<meta property=\"article:modified_time\" content=\"2026-03-26T06:46:24+00:00\" \/>\n<meta property=\"og:image\" content=\"https:\/\/labonnepointure.re\/wp-content\/uploads\/2026\/03\/LBP-22-scaled-1.webp\" \/>\n\t<meta property=\"og:image:width\" content=\"1707\" \/>\n\t<meta property=\"og:image:height\" content=\"2560\" \/>\n\t<meta property=\"og:image:type\" content=\"image\/webp\" \/>\n<meta name=\"twitter:card\" content=\"summary_large_image\" \/>\n<meta name=\"twitter:label1\" content=\"Dur\u00e9e de lecture estim\u00e9e\" \/>\n\t<meta name=\"twitter:data1\" content=\"1 minute\" \/>\n<script type=\"application\/ld+json\" class=\"yoast-schema-graph\">{\"@context\":\"https:\\\/\\\/schema.org\",\"@graph\":[{\"@type\":\"WebPage\",\"@id\":\"https:\\\/\\\/labonnepointure.re\\\/index.php\\\/produit\\\/mule-femme-a-talon\\\/\",\"url\":\"https:\\\/\\\/labonnepointure.re\\\/index.php\\\/produit\\\/mule-femme-a-talon\\\/\",\"name\":\"Mule femme \u00e0 talon - La Bonne Pointure\",\"isPartOf\":{\"@id\":\"https:\\\/\\\/labonnepointure.re\\\/#website\"},\"primaryImageOfPage\":{\"@id\":\"https:\\\/\\\/labonnepointure.re\\\/index.php\\\/produit\\\/mule-femme-a-talon\\\/#primaryimage\"},\"image\":{\"@id\":\"https:\\\/\\\/labonnepointure.re\\\/index.php\\\/produit\\\/mule-femme-a-talon\\\/#primaryimage\"},\"thumbnailUrl\":\"https:\\\/\\\/labonnepointure.re\\\/wp-content\\\/uploads\\\/2026\\\/03\\\/LBP-22-scaled-1.webp\",\"datePublished\":\"2026-02-19T09:51:50+00:00\",\"dateModified\":\"2026-03-26T06:46:24+00:00\",\"breadcrumb\":{\"@id\":\"https:\\\/\\\/labonnepointure.re\\\/index.php\\\/produit\\\/mule-femme-a-talon\\\/#breadcrumb\"},\"inLanguage\":\"fr-FR\",\"potentialAction\":[{\"@type\":\"ReadAction\",\"target\":[\"https:\\\/\\\/labonnepointure.re\\\/index.php\\\/produit\\\/mule-femme-a-talon\\\/\"]}]},{\"@type\":\"ImageObject\",\"inLanguage\":\"fr-FR\",\"@id\":\"https:\\\/\\\/labonnepointure.re\\\/index.php\\\/produit\\\/mule-femme-a-talon\\\/#primaryimage\",\"url\":\"https:\\\/\\\/labonnepointure.re\\\/wp-content\\\/uploads\\\/2026\\\/03\\\/LBP-22-scaled-1.webp\",\"contentUrl\":\"https:\\\/\\\/labonnepointure.re\\\/wp-content\\\/uploads\\\/2026\\\/03\\\/LBP-22-scaled-1.webp\",\"width\":1707,\"height\":2560},{\"@type\":\"BreadcrumbList\",\"@id\":\"https:\\\/\\\/labonnepointure.re\\\/index.php\\\/produit\\\/mule-femme-a-talon\\\/#breadcrumb\",\"itemListElement\":[{\"@type\":\"ListItem\",\"position\":1,\"name\":\"Accueil\",\"item\":\"https:\\\/\\\/labonnepointure.re\\\/\"},{\"@type\":\"ListItem\",\"position\":2,\"name\":\"FEMME &#8211; TALONS\",\"item\":\"https:\\\/\\\/labonnepointure.re\\\/index.php\\\/femme-talons\\\/\"},{\"@type\":\"ListItem\",\"position\":3,\"name\":\"Mule femme \u00e0 talon\"}]},{\"@type\":\"WebSite\",\"@id\":\"https:\\\/\\\/labonnepointure.re\\\/#website\",\"url\":\"https:\\\/\\\/labonnepointure.re\\\/\",\"name\":\"La Bonne Pointure R\u00e9union\",\"description\":\"La Bonne Pointure votre marque 100% r\u00e9unionnaise\",\"publisher\":{\"@id\":\"https:\\\/\\\/labonnepointure.re\\\/#organization\"},\"potentialAction\":[{\"@type\":\"SearchAction\",\"target\":{\"@type\":\"EntryPoint\",\"urlTemplate\":\"https:\\\/\\\/labonnepointure.re\\\/?s={search_term_string}\"},\"query-input\":{\"@type\":\"PropertyValueSpecification\",\"valueRequired\":true,\"valueName\":\"search_term_string\"}}],\"inLanguage\":\"fr-FR\"},{\"@type\":\"Organization\",\"@id\":\"https:\\\/\\\/labonnepointure.re\\\/#organization\",\"name\":\"La Bonne Pointure R\u00e9union\",\"alternateName\":\"La Bonne Pointure\",\"url\":\"https:\\\/\\\/labonnepointure.re\\\/\",\"logo\":{\"@type\":\"ImageObject\",\"inLanguage\":\"fr-FR\",\"@id\":\"https:\\\/\\\/labonnepointure.re\\\/#\\\/schema\\\/logo\\\/image\\\/\",\"url\":\"https:\\\/\\\/labonnepointure.re\\\/wp-content\\\/uploads\\\/2024\\\/05\\\/cropped-Copie-de-post-instfb-13.png\",\"contentUrl\":\"https:\\\/\\\/labonnepointure.re\\\/wp-content\\\/uploads\\\/2024\\\/05\\\/cropped-Copie-de-post-instfb-13.png\",\"width\":512,\"height\":512,\"caption\":\"La Bonne Pointure R\u00e9union\"},\"image\":{\"@id\":\"https:\\\/\\\/labonnepointure.re\\\/#\\\/schema\\\/logo\\\/image\\\/\"},\"sameAs\":[\"https:\\\/\\\/www.facebook.com\\\/LaBonnePointure974\",\"https:\\\/\\\/www.instagram.com\\\/labonnepointure_run\\\/\"]}]}<\/script>\n<!-- \/ Yoast SEO plugin. -->","yoast_head_json":{"title":"Mule femme \u00e0 talon - La Bonne Pointure","robots":{"index":"index","follow":"follow","max-snippet":"max-snippet:-1","max-image-preview":"max-image-preview:large","max-video-preview":"max-video-preview:-1"},"canonical":"https:\/\/labonnepointure.re\/index.php\/produit\/mule-femme-a-talon\/","og_locale":"fr_FR","og_type":"article","og_title":"Mule femme \u00e0 talon - La Bonne Pointure","og_description":"Mod\u00e8le : Mule \u00e0 talon avec bride large Dessus \/ Tige : Mati\u00e8re synth\u00e9tique textur\u00e9e Doublure : Mati\u00e8re synth\u00e9tique Semelle int\u00e9rieure : Mati\u00e8re synth\u00e9tique lisse Semelle ext\u00e9rieure : Mati\u00e8re synth\u00e9tique r\u00e9sistante et antid\u00e9rapante Type de talon : Talon large stable Hauteur : Moyenne","og_url":"https:\/\/labonnepointure.re\/index.php\/produit\/mule-femme-a-talon\/","og_site_name":"La Bonne Pointure","article_publisher":"https:\/\/www.facebook.com\/LaBonnePointure974","article_modified_time":"2026-03-26T06:46:24+00:00","og_image":[{"width":1707,"height":2560,"url":"https:\/\/labonnepointure.re\/wp-content\/uploads\/2026\/03\/LBP-22-scaled-1.webp","type":"image\/webp"}],"twitter_card":"summary_large_image","twitter_misc":{"Dur\u00e9e de lecture estim\u00e9e":"1 minute"},"schema":{"@context":"https:\/\/schema.org","@graph":[{"@type":"WebPage","@id":"https:\/\/labonnepointure.re\/index.php\/produit\/mule-femme-a-talon\/","url":"https:\/\/labonnepointure.re\/index.php\/produit\/mule-femme-a-talon\/","name":"Mule femme \u00e0 talon - La Bonne Pointure","isPartOf":{"@id":"https:\/\/labonnepointure.re\/#website"},"primaryImageOfPage":{"@id":"https:\/\/labonnepointure.re\/index.php\/produit\/mule-femme-a-talon\/#primaryimage"},"image":{"@id":"https:\/\/labonnepointure.re\/index.php\/produit\/mule-femme-a-talon\/#primaryimage"},"thumbnailUrl":"https:\/\/labonnepointure.re\/wp-content\/uploads\/2026\/03\/LBP-22-scaled-1.webp","datePublished":"2026-02-19T09:51:50+00:00","dateModified":"2026-03-26T06:46:24+00:00","breadcrumb":{"@id":"https:\/\/labonnepointure.re\/index.php\/produit\/mule-femme-a-talon\/#breadcrumb"},"inLanguage":"fr-FR","potentialAction":[{"@type":"ReadAction","target":["https:\/\/labonnepointure.re\/index.php\/produit\/mule-femme-a-talon\/"]}]},{"@type":"ImageObject","inLanguage":"fr-FR","@id":"https:\/\/labonnepointure.re\/index.php\/produit\/mule-femme-a-talon\/#primaryimage","url":"https:\/\/labonnepointure.re\/wp-content\/uploads\/2026\/03\/LBP-22-scaled-1.webp","contentUrl":"https:\/\/labonnepointure.re\/wp-content\/uploads\/2026\/03\/LBP-22-scaled-1.webp","width":1707,"height":2560},{"@type":"BreadcrumbList","@id":"https:\/\/labonnepointure.re\/index.php\/produit\/mule-femme-a-talon\/#breadcrumb","itemListElement":[{"@type":"ListItem","position":1,"name":"Accueil","item":"https:\/\/labonnepointure.re\/"},{"@type":"ListItem","position":2,"name":"FEMME &#8211; TALONS","item":"https:\/\/labonnepointure.re\/index.php\/femme-talons\/"},{"@type":"ListItem","position":3,"name":"Mule femme \u00e0 talon"}]},{"@type":"WebSite","@id":"https:\/\/labonnepointure.re\/#website","url":"https:\/\/labonnepointure.re\/","name":"La Bonne Pointure R\u00e9union","description":"La Bonne Pointure votre marque 100% r\u00e9unionnaise","publisher":{"@id":"https:\/\/labonnepointure.re\/#organization"},"potentialAction":[{"@type":"SearchAction","target":{"@type":"EntryPoint","urlTemplate":"https:\/\/labonnepointure.re\/?s={search_term_string}"},"query-input":{"@type":"PropertyValueSpecification","valueRequired":true,"valueName":"search_term_string"}}],"inLanguage":"fr-FR"},{"@type":"Organization","@id":"https:\/\/labonnepointure.re\/#organization","name":"La Bonne Pointure R\u00e9union","alternateName":"La Bonne Pointure","url":"https:\/\/labonnepointure.re\/","logo":{"@type":"ImageObject","inLanguage":"fr-FR","@id":"https:\/\/labonnepointure.re\/#\/schema\/logo\/image\/","url":"https:\/\/labonnepointure.re\/wp-content\/uploads\/2024\/05\/cropped-Copie-de-post-instfb-13.png","contentUrl":"https:\/\/labonnepointure.re\/wp-content\/uploads\/2024\/05\/cropped-Copie-de-post-instfb-13.png","width":512,"height":512,"caption":"La Bonne Pointure R\u00e9union"},"image":{"@id":"https:\/\/labonnepointure.re\/#\/schema\/logo\/image\/"},"sameAs":["https:\/\/www.facebook.com\/LaBonnePointure974","https:\/\/www.instagram.com\/labonnepointure_run\/"]}]}},"_links":{"self":[{"href":"https:\/\/labonnepointure.re\/index.php\/wp-json\/wp\/v2\/product\/23289","targetHints":{"allow":["GET"]}}],"collection":[{"href":"https:\/\/labonnepointure.re\/index.php\/wp-json\/wp\/v2\/product"}],"about":[{"href":"https:\/\/labonnepointure.re\/index.php\/wp-json\/wp\/v2\/types\/product"}],"replies":[{"embeddable":true,"href":"https:\/\/labonnepointure.re\/index.php\/wp-json\/wp\/v2\/comments?post=23289"}],"version-history":[{"count":5,"href":"https:\/\/labonnepointure.re\/index.php\/wp-json\/wp\/v2\/product\/23289\/revisions"}],"predecessor-version":[{"id":23845,"href":"https:\/\/labonnepointure.re\/index.php\/wp-json\/wp\/v2\/product\/23289\/revisions\/23845"}],"wp:featuredmedia":[{"embeddable":true,"href":"https:\/\/labonnepointure.re\/index.php\/wp-json\/wp\/v2\/media\/23843"}],"wp:attachment":[{"href":"https:\/\/labonnepointure.re\/index.php\/wp-json\/wp\/v2\/media?parent=23289"}],"wp:term":[{"taxonomy":"product_brand","embeddable":true,"href":"https:\/\/labonnepointure.re\/index.php\/wp-json\/wp\/v2\/product_brand?post=23289"},{"taxonomy":"product_cat","embeddable":true,"href":"https:\/\/labonnepointure.re\/index.php\/wp-json\/wp\/v2\/product_cat?post=23289"},{"taxonomy":"product_tag","embeddable":true,"href":"https:\/\/labonnepointure.re\/index.php\/wp-json\/wp\/v2\/product_tag?post=23289"}],"curies":[{"name":"wp","href":"https:\/\/api.w.org\/{rel}","templated":true}]}}