{"id":23227,"date":"2026-02-18T15:51:42","date_gmt":"2026-02-18T11:51:42","guid":{"rendered":"https:\/\/labonnepointure.re\/?post_type=product&#038;p=23227"},"modified":"2026-02-20T16:01:37","modified_gmt":"2026-02-20T12:01:37","slug":"sandale-femme-elegante-chaussures-femme-la-reunion","status":"publish","type":"product","link":"https:\/\/labonnepointure.re\/index.php\/produit\/sandale-femme-elegante-chaussures-femme-la-reunion\/","title":{"rendered":"Sandale femme \u00e9l\u00e9gante \u2013 Chaussures femme La R\u00e9union"},"content":{"rendered":"<p class=\"p1\"><b>Apportez une touche chic et f\u00e9minine \u00e0 vos tenues avec cette sandale femme \u00e0 fines brides. Son design d\u00e9licat avec d\u00e9tails brillants sur l\u2019avant du pied sublime vos looks tout en restant facile \u00e0 porter au quotidien.<\/b><\/p>\n<p class=\"p1\"><b>L\u00e9g\u00e8re et confortable, cette chaussure femme est id\u00e9ale pour le climat de La R\u00e9union. Sa bride arri\u00e8re assure un bon maintien tandis que la semelle plate garantit confort et stabilit\u00e9.<\/b><\/p>\n<p class=\"p1\"><b>Un mod\u00e8le tendance, \u00e9l\u00e9gant et abordable pour celles qui recherchent des chaussures femme \u00e0 La R\u00e9union adapt\u00e9es aux sorties, \u00e9v\u00e9nements ou tenues estivales.<\/b><\/p>\n","protected":false},"excerpt":{"rendered":"<p>Apportez une touche chic et f\u00e9minine \u00e0 vos tenues avec cette sandale femme \u00e0 fines brides. Son design d\u00e9licat avec d\u00e9tails brillants sur l\u2019avant du pied sublime vos looks tout en restant facile \u00e0 porter au quotidien. L\u00e9g\u00e8re et confortable, cette chaussure femme est id\u00e9ale pour le climat de La R\u00e9union. Sa bride arri\u00e8re assure [&hellip;]<\/p>\n","protected":false},"featured_media":23246,"comment_status":"open","ping_status":"closed","template":"","meta":[],"product_brand":[],"product_cat":[19],"product_tag":[189,188,178],"class_list":{"0":"post-23227","1":"product","2":"type-product","3":"status-publish","4":"has-post-thumbnail","6":"product_cat-non-classe","7":"product_tag-confort","8":"product_tag-femme","9":"product_tag-sandale","11":"first","12":"instock","13":"taxable","14":"shipping-taxable","15":"purchasable","16":"product-type-variable","17":"add-to-wishlist-before_image"},"yoast_head":"<!-- This site is optimized with the Yoast SEO plugin v27.3 - https:\/\/yoast.com\/product\/yoast-seo-wordpress\/ -->\n<title>Sandale femme \u00e9l\u00e9gante \u2013 Chaussures femme La R\u00e9union - La Bonne Pointure<\/title>\n<meta name=\"robots\" content=\"index, follow, max-snippet:-1, max-image-preview:large, max-video-preview:-1\" \/>\n<link rel=\"canonical\" href=\"https:\/\/labonnepointure.re\/index.php\/produit\/sandale-femme-elegante-chaussures-femme-la-reunion\/\" \/>\n<meta property=\"og:locale\" content=\"fr_FR\" \/>\n<meta property=\"og:type\" content=\"article\" \/>\n<meta property=\"og:title\" content=\"Sandale femme \u00e9l\u00e9gante \u2013 Chaussures femme La R\u00e9union - La Bonne Pointure\" \/>\n<meta property=\"og:description\" content=\"Apportez une touche chic et f\u00e9minine \u00e0 vos tenues avec cette sandale femme \u00e0 fines brides. Son design d\u00e9licat avec d\u00e9tails brillants sur l\u2019avant du pied sublime vos looks tout en restant facile \u00e0 porter au quotidien. L\u00e9g\u00e8re et confortable, cette chaussure femme est id\u00e9ale pour le climat de La R\u00e9union. Sa bride arri\u00e8re assure [&hellip;]\" \/>\n<meta property=\"og:url\" content=\"https:\/\/labonnepointure.re\/index.php\/produit\/sandale-femme-elegante-chaussures-femme-la-reunion\/\" \/>\n<meta property=\"og:site_name\" content=\"La Bonne Pointure\" \/>\n<meta property=\"article:publisher\" content=\"https:\/\/www.facebook.com\/LaBonnePointure974\" \/>\n<meta property=\"article:modified_time\" content=\"2026-02-20T12:01:37+00:00\" \/>\n<meta property=\"og:image\" content=\"https:\/\/labonnepointure.re\/wp-content\/uploads\/2026\/02\/LBP-20-scaled.webp\" \/>\n\t<meta property=\"og:image:width\" content=\"1707\" \/>\n\t<meta property=\"og:image:height\" content=\"2560\" \/>\n\t<meta property=\"og:image:type\" content=\"image\/webp\" \/>\n<meta name=\"twitter:card\" content=\"summary_large_image\" \/>\n<meta name=\"twitter:label1\" content=\"Dur\u00e9e de lecture estim\u00e9e\" \/>\n\t<meta name=\"twitter:data1\" content=\"1 minute\" \/>\n<script type=\"application\/ld+json\" class=\"yoast-schema-graph\">{\"@context\":\"https:\\\/\\\/schema.org\",\"@graph\":[{\"@type\":\"WebPage\",\"@id\":\"https:\\\/\\\/labonnepointure.re\\\/index.php\\\/produit\\\/sandale-femme-elegante-chaussures-femme-la-reunion\\\/\",\"url\":\"https:\\\/\\\/labonnepointure.re\\\/index.php\\\/produit\\\/sandale-femme-elegante-chaussures-femme-la-reunion\\\/\",\"name\":\"Sandale femme \u00e9l\u00e9gante \u2013 Chaussures femme La R\u00e9union - La Bonne Pointure\",\"isPartOf\":{\"@id\":\"https:\\\/\\\/labonnepointure.re\\\/#website\"},\"primaryImageOfPage\":{\"@id\":\"https:\\\/\\\/labonnepointure.re\\\/index.php\\\/produit\\\/sandale-femme-elegante-chaussures-femme-la-reunion\\\/#primaryimage\"},\"image\":{\"@id\":\"https:\\\/\\\/labonnepointure.re\\\/index.php\\\/produit\\\/sandale-femme-elegante-chaussures-femme-la-reunion\\\/#primaryimage\"},\"thumbnailUrl\":\"https:\\\/\\\/labonnepointure.re\\\/wp-content\\\/uploads\\\/2026\\\/02\\\/LBP-20-scaled.webp\",\"datePublished\":\"2026-02-18T11:51:42+00:00\",\"dateModified\":\"2026-02-20T12:01:37+00:00\",\"breadcrumb\":{\"@id\":\"https:\\\/\\\/labonnepointure.re\\\/index.php\\\/produit\\\/sandale-femme-elegante-chaussures-femme-la-reunion\\\/#breadcrumb\"},\"inLanguage\":\"fr-FR\",\"potentialAction\":[{\"@type\":\"ReadAction\",\"target\":[\"https:\\\/\\\/labonnepointure.re\\\/index.php\\\/produit\\\/sandale-femme-elegante-chaussures-femme-la-reunion\\\/\"]}]},{\"@type\":\"ImageObject\",\"inLanguage\":\"fr-FR\",\"@id\":\"https:\\\/\\\/labonnepointure.re\\\/index.php\\\/produit\\\/sandale-femme-elegante-chaussures-femme-la-reunion\\\/#primaryimage\",\"url\":\"https:\\\/\\\/labonnepointure.re\\\/wp-content\\\/uploads\\\/2026\\\/02\\\/LBP-20-scaled.webp\",\"contentUrl\":\"https:\\\/\\\/labonnepointure.re\\\/wp-content\\\/uploads\\\/2026\\\/02\\\/LBP-20-scaled.webp\",\"width\":1707,\"height\":2560},{\"@type\":\"BreadcrumbList\",\"@id\":\"https:\\\/\\\/labonnepointure.re\\\/index.php\\\/produit\\\/sandale-femme-elegante-chaussures-femme-la-reunion\\\/#breadcrumb\",\"itemListElement\":[{\"@type\":\"ListItem\",\"position\":1,\"name\":\"Accueil\",\"item\":\"https:\\\/\\\/labonnepointure.re\\\/\"},{\"@type\":\"ListItem\",\"position\":2,\"name\":\"FEMME &#8211; TALONS\",\"item\":\"https:\\\/\\\/labonnepointure.re\\\/index.php\\\/femme-talons\\\/\"},{\"@type\":\"ListItem\",\"position\":3,\"name\":\"Sandale femme \u00e9l\u00e9gante \u2013 Chaussures femme La R\u00e9union\"}]},{\"@type\":\"WebSite\",\"@id\":\"https:\\\/\\\/labonnepointure.re\\\/#website\",\"url\":\"https:\\\/\\\/labonnepointure.re\\\/\",\"name\":\"La Bonne Pointure R\u00e9union\",\"description\":\"La Bonne Pointure votre marque 100% r\u00e9unionnaise\",\"publisher\":{\"@id\":\"https:\\\/\\\/labonnepointure.re\\\/#organization\"},\"potentialAction\":[{\"@type\":\"SearchAction\",\"target\":{\"@type\":\"EntryPoint\",\"urlTemplate\":\"https:\\\/\\\/labonnepointure.re\\\/?s={search_term_string}\"},\"query-input\":{\"@type\":\"PropertyValueSpecification\",\"valueRequired\":true,\"valueName\":\"search_term_string\"}}],\"inLanguage\":\"fr-FR\"},{\"@type\":\"Organization\",\"@id\":\"https:\\\/\\\/labonnepointure.re\\\/#organization\",\"name\":\"La Bonne Pointure R\u00e9union\",\"alternateName\":\"La Bonne Pointure\",\"url\":\"https:\\\/\\\/labonnepointure.re\\\/\",\"logo\":{\"@type\":\"ImageObject\",\"inLanguage\":\"fr-FR\",\"@id\":\"https:\\\/\\\/labonnepointure.re\\\/#\\\/schema\\\/logo\\\/image\\\/\",\"url\":\"https:\\\/\\\/labonnepointure.re\\\/wp-content\\\/uploads\\\/2024\\\/05\\\/cropped-Copie-de-post-instfb-13.png\",\"contentUrl\":\"https:\\\/\\\/labonnepointure.re\\\/wp-content\\\/uploads\\\/2024\\\/05\\\/cropped-Copie-de-post-instfb-13.png\",\"width\":512,\"height\":512,\"caption\":\"La Bonne Pointure R\u00e9union\"},\"image\":{\"@id\":\"https:\\\/\\\/labonnepointure.re\\\/#\\\/schema\\\/logo\\\/image\\\/\"},\"sameAs\":[\"https:\\\/\\\/www.facebook.com\\\/LaBonnePointure974\",\"https:\\\/\\\/www.instagram.com\\\/labonnepointure_run\\\/\"]}]}<\/script>\n<!-- \/ Yoast SEO plugin. -->","yoast_head_json":{"title":"Sandale femme \u00e9l\u00e9gante \u2013 Chaussures femme La R\u00e9union - La Bonne Pointure","robots":{"index":"index","follow":"follow","max-snippet":"max-snippet:-1","max-image-preview":"max-image-preview:large","max-video-preview":"max-video-preview:-1"},"canonical":"https:\/\/labonnepointure.re\/index.php\/produit\/sandale-femme-elegante-chaussures-femme-la-reunion\/","og_locale":"fr_FR","og_type":"article","og_title":"Sandale femme \u00e9l\u00e9gante \u2013 Chaussures femme La R\u00e9union - La Bonne Pointure","og_description":"Apportez une touche chic et f\u00e9minine \u00e0 vos tenues avec cette sandale femme \u00e0 fines brides. Son design d\u00e9licat avec d\u00e9tails brillants sur l\u2019avant du pied sublime vos looks tout en restant facile \u00e0 porter au quotidien. L\u00e9g\u00e8re et confortable, cette chaussure femme est id\u00e9ale pour le climat de La R\u00e9union. Sa bride arri\u00e8re assure [&hellip;]","og_url":"https:\/\/labonnepointure.re\/index.php\/produit\/sandale-femme-elegante-chaussures-femme-la-reunion\/","og_site_name":"La Bonne Pointure","article_publisher":"https:\/\/www.facebook.com\/LaBonnePointure974","article_modified_time":"2026-02-20T12:01:37+00:00","og_image":[{"width":1707,"height":2560,"url":"https:\/\/labonnepointure.re\/wp-content\/uploads\/2026\/02\/LBP-20-scaled.webp","type":"image\/webp"}],"twitter_card":"summary_large_image","twitter_misc":{"Dur\u00e9e de lecture estim\u00e9e":"1 minute"},"schema":{"@context":"https:\/\/schema.org","@graph":[{"@type":"WebPage","@id":"https:\/\/labonnepointure.re\/index.php\/produit\/sandale-femme-elegante-chaussures-femme-la-reunion\/","url":"https:\/\/labonnepointure.re\/index.php\/produit\/sandale-femme-elegante-chaussures-femme-la-reunion\/","name":"Sandale femme \u00e9l\u00e9gante \u2013 Chaussures femme La R\u00e9union - La Bonne Pointure","isPartOf":{"@id":"https:\/\/labonnepointure.re\/#website"},"primaryImageOfPage":{"@id":"https:\/\/labonnepointure.re\/index.php\/produit\/sandale-femme-elegante-chaussures-femme-la-reunion\/#primaryimage"},"image":{"@id":"https:\/\/labonnepointure.re\/index.php\/produit\/sandale-femme-elegante-chaussures-femme-la-reunion\/#primaryimage"},"thumbnailUrl":"https:\/\/labonnepointure.re\/wp-content\/uploads\/2026\/02\/LBP-20-scaled.webp","datePublished":"2026-02-18T11:51:42+00:00","dateModified":"2026-02-20T12:01:37+00:00","breadcrumb":{"@id":"https:\/\/labonnepointure.re\/index.php\/produit\/sandale-femme-elegante-chaussures-femme-la-reunion\/#breadcrumb"},"inLanguage":"fr-FR","potentialAction":[{"@type":"ReadAction","target":["https:\/\/labonnepointure.re\/index.php\/produit\/sandale-femme-elegante-chaussures-femme-la-reunion\/"]}]},{"@type":"ImageObject","inLanguage":"fr-FR","@id":"https:\/\/labonnepointure.re\/index.php\/produit\/sandale-femme-elegante-chaussures-femme-la-reunion\/#primaryimage","url":"https:\/\/labonnepointure.re\/wp-content\/uploads\/2026\/02\/LBP-20-scaled.webp","contentUrl":"https:\/\/labonnepointure.re\/wp-content\/uploads\/2026\/02\/LBP-20-scaled.webp","width":1707,"height":2560},{"@type":"BreadcrumbList","@id":"https:\/\/labonnepointure.re\/index.php\/produit\/sandale-femme-elegante-chaussures-femme-la-reunion\/#breadcrumb","itemListElement":[{"@type":"ListItem","position":1,"name":"Accueil","item":"https:\/\/labonnepointure.re\/"},{"@type":"ListItem","position":2,"name":"FEMME &#8211; TALONS","item":"https:\/\/labonnepointure.re\/index.php\/femme-talons\/"},{"@type":"ListItem","position":3,"name":"Sandale femme \u00e9l\u00e9gante \u2013 Chaussures femme La R\u00e9union"}]},{"@type":"WebSite","@id":"https:\/\/labonnepointure.re\/#website","url":"https:\/\/labonnepointure.re\/","name":"La Bonne Pointure R\u00e9union","description":"La Bonne Pointure votre marque 100% r\u00e9unionnaise","publisher":{"@id":"https:\/\/labonnepointure.re\/#organization"},"potentialAction":[{"@type":"SearchAction","target":{"@type":"EntryPoint","urlTemplate":"https:\/\/labonnepointure.re\/?s={search_term_string}"},"query-input":{"@type":"PropertyValueSpecification","valueRequired":true,"valueName":"search_term_string"}}],"inLanguage":"fr-FR"},{"@type":"Organization","@id":"https:\/\/labonnepointure.re\/#organization","name":"La Bonne Pointure R\u00e9union","alternateName":"La Bonne Pointure","url":"https:\/\/labonnepointure.re\/","logo":{"@type":"ImageObject","inLanguage":"fr-FR","@id":"https:\/\/labonnepointure.re\/#\/schema\/logo\/image\/","url":"https:\/\/labonnepointure.re\/wp-content\/uploads\/2024\/05\/cropped-Copie-de-post-instfb-13.png","contentUrl":"https:\/\/labonnepointure.re\/wp-content\/uploads\/2024\/05\/cropped-Copie-de-post-instfb-13.png","width":512,"height":512,"caption":"La Bonne Pointure R\u00e9union"},"image":{"@id":"https:\/\/labonnepointure.re\/#\/schema\/logo\/image\/"},"sameAs":["https:\/\/www.facebook.com\/LaBonnePointure974","https:\/\/www.instagram.com\/labonnepointure_run\/"]}]}},"_links":{"self":[{"href":"https:\/\/labonnepointure.re\/index.php\/wp-json\/wp\/v2\/product\/23227","targetHints":{"allow":["GET"]}}],"collection":[{"href":"https:\/\/labonnepointure.re\/index.php\/wp-json\/wp\/v2\/product"}],"about":[{"href":"https:\/\/labonnepointure.re\/index.php\/wp-json\/wp\/v2\/types\/product"}],"replies":[{"embeddable":true,"href":"https:\/\/labonnepointure.re\/index.php\/wp-json\/wp\/v2\/comments?post=23227"}],"version-history":[{"count":2,"href":"https:\/\/labonnepointure.re\/index.php\/wp-json\/wp\/v2\/product\/23227\/revisions"}],"predecessor-version":[{"id":23287,"href":"https:\/\/labonnepointure.re\/index.php\/wp-json\/wp\/v2\/product\/23227\/revisions\/23287"}],"wp:featuredmedia":[{"embeddable":true,"href":"https:\/\/labonnepointure.re\/index.php\/wp-json\/wp\/v2\/media\/23246"}],"wp:attachment":[{"href":"https:\/\/labonnepointure.re\/index.php\/wp-json\/wp\/v2\/media?parent=23227"}],"wp:term":[{"taxonomy":"product_brand","embeddable":true,"href":"https:\/\/labonnepointure.re\/index.php\/wp-json\/wp\/v2\/product_brand?post=23227"},{"taxonomy":"product_cat","embeddable":true,"href":"https:\/\/labonnepointure.re\/index.php\/wp-json\/wp\/v2\/product_cat?post=23227"},{"taxonomy":"product_tag","embeddable":true,"href":"https:\/\/labonnepointure.re\/index.php\/wp-json\/wp\/v2\/product_tag?post=23227"}],"curies":[{"name":"wp","href":"https:\/\/api.w.org\/{rel}","templated":true}]}}